{"id":57690,"date":"2025-10-27T10:06:19","date_gmt":"2025-10-27T09:06:19","guid":{"rendered":"https:\/\/www.pontedeume.gal\/?post_type=tribe_events&#038;p=57690"},"modified":"2025-10-27T10:20:12","modified_gmt":"2025-10-27T09:20:12","slug":"conoce-los-caminos-jornada-camino-del-norte-en-el-ayuntamiento-de-pontedeume","status":"publish","type":"tribe_events","link":"https:\/\/www.pontedeume.gal\/es\/evento\/conoce-los-caminos-jornada-camino-del-norte-en-el-ayuntamiento-de-pontedeume\/","title":{"rendered":"Conoce los Caminos: Jornada Camino del Norte en el Ayuntamiento de Pontedeume"},"content":{"rendered":"<p>El proyecto \u00abConoce los Camilos\u00bb, impulsada pola Orden del Camino de Santiago junto con el Ayuntamiento de Pontedeume, organiza jornadas multidisciplinares en ayuntamientos gallegos para promover e difundir vos distintos roteiros xacobeos, neste caso, Ou Cami\u00f1o ingl\u00e9s ao seu paso por Pontedeume.<\/p>\n<p>A trav\u00e9s de eventos, la iniciativa busca dar a conocer el patrimonio cultural del Camino de Santiago, combinando charlas, m\u00fasica y otras actividades.<\/p>\n<p>A las 12:00h habr\u00e1 conferencias en la casa da Cultura con los siguientes contenidos: \u00abEl Camino de Santiago. El comportamiento de los peregrinos\u00bb, \u00bb La prevenci\u00f3n para disfrutar del Camino\u00bb y \u00bb El Camino Ingl\u00e9s en Pontedeume\u00bb a cargo de Noelia Fern\u00e1ndez, Carmen Rivas y Carlos de Castro \u00c1lvarez.<\/p>\n<p>A continuaci\u00f3n habr\u00e1 una actuaci\u00f3n da La.F.C. Llovizna y a las 16:00h una visita guiada por el casco hist\u00f3rico de la villa.<\/p>\n","protected":false},"excerpt":{"rendered":"<p>El proyecto \u00abConoce los Camilos\u00bb, impulsada pola Orden del Camino de Santiago junto con el Ayuntamiento de Pontedeume, organiza jornadas multidisciplinares en ayuntamientos gallegos para promover e difundir vos distintos&#8230;<\/p>\n","protected":false},"author":7,"featured_media":57686,"template":"","meta":{"inline_featured_image":false,"_tribe_events_status":"","_tribe_events_status_reason":"","footnotes":""},"tags":[],"tribe_events_cat":[33,105,330],"class_list":["post-57690","tribe_events","type-tribe_events","status-publish","has-post-thumbnail","hentry","tribe_events_cat-musica-es","tribe_events_cat-presentaciones","tribe_events_cat-turismo-es","cat_musica-es","cat_presentaciones","cat_turismo-es"],"yoast_head":"<!-- This site is optimized with the Yoast SEO plugin v26.2 - https:\/\/yoast.com\/wordpress\/plugins\/seo\/ -->\n<title>Conoce los Caminos: Jornada Camino del Norte en el Ayuntamiento de Pontedeume | Concello de Pontedeume<\/title>\n<meta name=\"description\" content=\"Eventos do Concello de Pontedeume\" \/>\n<meta name=\"robots\" content=\"index, follow, max-snippet:-1, max-image-preview:large, max-video-preview:-1\" \/>\n<link rel=\"canonical\" href=\"https:\/\/www.pontedeume.gal\/es\/evento\/conoce-los-caminos-jornada-camino-del-norte-en-el-ayuntamiento-de-pontedeume\/\" \/>\n<meta property=\"og:locale\" content=\"es_ES\" \/>\n<meta property=\"og:type\" content=\"article\" \/>\n<meta property=\"og:title\" content=\"Conoce los Caminos: Jornada Camino del Norte en el Ayuntamiento de Pontedeume | Concello de Pontedeume\" \/>\n<meta property=\"og:description\" content=\"Eventos do Concello de Pontedeume\" \/>\n<meta property=\"og:url\" content=\"https:\/\/www.pontedeume.gal\/es\/evento\/conoce-los-caminos-jornada-camino-del-norte-en-el-ayuntamiento-de-pontedeume\/\" \/>\n<meta property=\"og:site_name\" content=\"Concello de Pontedeume\" \/>\n<meta property=\"article:publisher\" content=\"https:\/\/www.facebook.com\/concellodepontedeume\/\" \/>\n<meta property=\"article:modified_time\" content=\"2025-10-27T09:20:12+00:00\" \/>\n<meta property=\"og:image\" content=\"https:\/\/www.pontedeume.gal\/wp-content\/uploads\/2025\/10\/WhatsApp-Image-2025-10-24-at-09.07.01.jpeg\" \/>\n\t<meta property=\"og:image:width\" content=\"940\" \/>\n\t<meta property=\"og:image:height\" content=\"788\" \/>\n\t<meta property=\"og:image:type\" content=\"image\/jpeg\" \/>\n<meta name=\"twitter:label1\" content=\"Tiempo de lectura\" \/>\n\t<meta name=\"twitter:data1\" content=\"1 minuto\" \/>\n<script type=\"application\/ld+json\" class=\"yoast-schema-graph\">{\"@context\":\"https:\/\/schema.org\",\"@graph\":[{\"@type\":\"WebPage\",\"@id\":\"https:\/\/www.pontedeume.gal\/es\/evento\/conoce-los-caminos-jornada-camino-del-norte-en-el-ayuntamiento-de-pontedeume\/\",\"url\":\"https:\/\/www.pontedeume.gal\/es\/evento\/conoce-los-caminos-jornada-camino-del-norte-en-el-ayuntamiento-de-pontedeume\/\",\"name\":\"Conoce los Caminos: Jornada Camino del Norte en el Ayuntamiento de Pontedeume | Concello de Pontedeume\",\"isPartOf\":{\"@id\":\"https:\/\/www.pontedeume.gal\/es\/#website\"},\"primaryImageOfPage\":{\"@id\":\"https:\/\/www.pontedeume.gal\/es\/evento\/conoce-los-caminos-jornada-camino-del-norte-en-el-ayuntamiento-de-pontedeume\/#primaryimage\"},\"image\":{\"@id\":\"https:\/\/www.pontedeume.gal\/es\/evento\/conoce-los-caminos-jornada-camino-del-norte-en-el-ayuntamiento-de-pontedeume\/#primaryimage\"},\"thumbnailUrl\":\"https:\/\/www.pontedeume.gal\/wp-content\/uploads\/2025\/10\/WhatsApp-Image-2025-10-24-at-09.07.01.jpeg\",\"datePublished\":\"2025-10-27T09:06:19+00:00\",\"dateModified\":\"2025-10-27T09:20:12+00:00\",\"description\":\"Eventos do Concello de Pontedeume\",\"breadcrumb\":{\"@id\":\"https:\/\/www.pontedeume.gal\/es\/evento\/conoce-los-caminos-jornada-camino-del-norte-en-el-ayuntamiento-de-pontedeume\/#breadcrumb\"},\"inLanguage\":\"es\",\"potentialAction\":[{\"@type\":\"ReadAction\",\"target\":[\"https:\/\/www.pontedeume.gal\/es\/evento\/conoce-los-caminos-jornada-camino-del-norte-en-el-ayuntamiento-de-pontedeume\/\"]}]},{\"@type\":\"ImageObject\",\"inLanguage\":\"es\",\"@id\":\"https:\/\/www.pontedeume.gal\/es\/evento\/conoce-los-caminos-jornada-camino-del-norte-en-el-ayuntamiento-de-pontedeume\/#primaryimage\",\"url\":\"https:\/\/www.pontedeume.gal\/wp-content\/uploads\/2025\/10\/WhatsApp-Image-2025-10-24-at-09.07.01.jpeg\",\"contentUrl\":\"https:\/\/www.pontedeume.gal\/wp-content\/uploads\/2025\/10\/WhatsApp-Image-2025-10-24-at-09.07.01.jpeg\",\"width\":940,\"height\":788},{\"@type\":\"BreadcrumbList\",\"@id\":\"https:\/\/www.pontedeume.gal\/es\/evento\/conoce-los-caminos-jornada-camino-del-norte-en-el-ayuntamiento-de-pontedeume\/#breadcrumb\",\"itemListElement\":[{\"@type\":\"ListItem\",\"position\":1,\"name\":\"Home\",\"item\":\"https:\/\/www.pontedeume.gal\/es\/\"},{\"@type\":\"ListItem\",\"position\":2,\"name\":\"Eventos\",\"item\":\"https:\/\/www.pontedeume.gal\/es\/eventos\/\"},{\"@type\":\"ListItem\",\"position\":3,\"name\":\"Conoce los Caminos: Jornada Camino del Norte en el Ayuntamiento de Pontedeume\"}]},{\"@type\":\"WebSite\",\"@id\":\"https:\/\/www.pontedeume.gal\/es\/#website\",\"url\":\"https:\/\/www.pontedeume.gal\/es\/\",\"name\":\"Concello de Pontedeume\",\"description\":\"P\u00e1xina oficial do Concello de Pontedeume\",\"publisher\":{\"@id\":\"https:\/\/www.pontedeume.gal\/es\/#organization\"},\"potentialAction\":[{\"@type\":\"SearchAction\",\"target\":{\"@type\":\"EntryPoint\",\"urlTemplate\":\"https:\/\/www.pontedeume.gal\/es\/?s={search_term_string}\"},\"query-input\":{\"@type\":\"PropertyValueSpecification\",\"valueRequired\":true,\"valueName\":\"search_term_string\"}}],\"inLanguage\":\"es\"},{\"@type\":\"Organization\",\"@id\":\"https:\/\/www.pontedeume.gal\/es\/#organization\",\"name\":\"Concello de Pontedeume\",\"url\":\"https:\/\/www.pontedeume.gal\/es\/\",\"logo\":{\"@type\":\"ImageObject\",\"inLanguage\":\"es\",\"@id\":\"https:\/\/www.pontedeume.gal\/es\/#\/schema\/logo\/image\/\",\"url\":\"https:\/\/www.pontedeume.gal\/wp-content\/uploads\/2021\/12\/logotipo.png\",\"contentUrl\":\"https:\/\/www.pontedeume.gal\/wp-content\/uploads\/2021\/12\/logotipo.png\",\"width\":673,\"height\":200,\"caption\":\"Concello de Pontedeume\"},\"image\":{\"@id\":\"https:\/\/www.pontedeume.gal\/es\/#\/schema\/logo\/image\/\"},\"sameAs\":[\"https:\/\/www.facebook.com\/concellodepontedeume\/\"]}]}<\/script>\n<!-- \/ Yoast SEO plugin. -->","yoast_head_json":{"title":"Conoce los Caminos: Jornada Camino del Norte en el Ayuntamiento de Pontedeume | Concello de Pontedeume","description":"Eventos do Concello de Pontedeume","robots":{"index":"index","follow":"follow","max-snippet":"max-snippet:-1","max-image-preview":"max-image-preview:large","max-video-preview":"max-video-preview:-1"},"canonical":"https:\/\/www.pontedeume.gal\/es\/evento\/conoce-los-caminos-jornada-camino-del-norte-en-el-ayuntamiento-de-pontedeume\/","og_locale":"es_ES","og_type":"article","og_title":"Conoce los Caminos: Jornada Camino del Norte en el Ayuntamiento de Pontedeume | Concello de Pontedeume","og_description":"Eventos do Concello de Pontedeume","og_url":"https:\/\/www.pontedeume.gal\/es\/evento\/conoce-los-caminos-jornada-camino-del-norte-en-el-ayuntamiento-de-pontedeume\/","og_site_name":"Concello de Pontedeume","article_publisher":"https:\/\/www.facebook.com\/concellodepontedeume\/","article_modified_time":"2025-10-27T09:20:12+00:00","og_image":[{"width":940,"height":788,"url":"https:\/\/www.pontedeume.gal\/wp-content\/uploads\/2025\/10\/WhatsApp-Image-2025-10-24-at-09.07.01.jpeg","type":"image\/jpeg"}],"twitter_misc":{"Tiempo de lectura":"1 minuto"},"schema":{"@context":"https:\/\/schema.org","@graph":[{"@type":"WebPage","@id":"https:\/\/www.pontedeume.gal\/es\/evento\/conoce-los-caminos-jornada-camino-del-norte-en-el-ayuntamiento-de-pontedeume\/","url":"https:\/\/www.pontedeume.gal\/es\/evento\/conoce-los-caminos-jornada-camino-del-norte-en-el-ayuntamiento-de-pontedeume\/","name":"Conoce los Caminos: Jornada Camino del Norte en el Ayuntamiento de Pontedeume | Concello de Pontedeume","isPartOf":{"@id":"https:\/\/www.pontedeume.gal\/es\/#website"},"primaryImageOfPage":{"@id":"https:\/\/www.pontedeume.gal\/es\/evento\/conoce-los-caminos-jornada-camino-del-norte-en-el-ayuntamiento-de-pontedeume\/#primaryimage"},"image":{"@id":"https:\/\/www.pontedeume.gal\/es\/evento\/conoce-los-caminos-jornada-camino-del-norte-en-el-ayuntamiento-de-pontedeume\/#primaryimage"},"thumbnailUrl":"https:\/\/www.pontedeume.gal\/wp-content\/uploads\/2025\/10\/WhatsApp-Image-2025-10-24-at-09.07.01.jpeg","datePublished":"2025-10-27T09:06:19+00:00","dateModified":"2025-10-27T09:20:12+00:00","description":"Eventos do Concello de Pontedeume","breadcrumb":{"@id":"https:\/\/www.pontedeume.gal\/es\/evento\/conoce-los-caminos-jornada-camino-del-norte-en-el-ayuntamiento-de-pontedeume\/#breadcrumb"},"inLanguage":"es","potentialAction":[{"@type":"ReadAction","target":["https:\/\/www.pontedeume.gal\/es\/evento\/conoce-los-caminos-jornada-camino-del-norte-en-el-ayuntamiento-de-pontedeume\/"]}]},{"@type":"ImageObject","inLanguage":"es","@id":"https:\/\/www.pontedeume.gal\/es\/evento\/conoce-los-caminos-jornada-camino-del-norte-en-el-ayuntamiento-de-pontedeume\/#primaryimage","url":"https:\/\/www.pontedeume.gal\/wp-content\/uploads\/2025\/10\/WhatsApp-Image-2025-10-24-at-09.07.01.jpeg","contentUrl":"https:\/\/www.pontedeume.gal\/wp-content\/uploads\/2025\/10\/WhatsApp-Image-2025-10-24-at-09.07.01.jpeg","width":940,"height":788},{"@type":"BreadcrumbList","@id":"https:\/\/www.pontedeume.gal\/es\/evento\/conoce-los-caminos-jornada-camino-del-norte-en-el-ayuntamiento-de-pontedeume\/#breadcrumb","itemListElement":[{"@type":"ListItem","position":1,"name":"Home","item":"https:\/\/www.pontedeume.gal\/es\/"},{"@type":"ListItem","position":2,"name":"Eventos","item":"https:\/\/www.pontedeume.gal\/es\/eventos\/"},{"@type":"ListItem","position":3,"name":"Conoce los Caminos: Jornada Camino del Norte en el Ayuntamiento de Pontedeume"}]},{"@type":"WebSite","@id":"https:\/\/www.pontedeume.gal\/es\/#website","url":"https:\/\/www.pontedeume.gal\/es\/","name":"Concello de Pontedeume","description":"P\u00e1xina oficial do Concello de Pontedeume","publisher":{"@id":"https:\/\/www.pontedeume.gal\/es\/#organization"},"potentialAction":[{"@type":"SearchAction","target":{"@type":"EntryPoint","urlTemplate":"https:\/\/www.pontedeume.gal\/es\/?s={search_term_string}"},"query-input":{"@type":"PropertyValueSpecification","valueRequired":true,"valueName":"search_term_string"}}],"inLanguage":"es"},{"@type":"Organization","@id":"https:\/\/www.pontedeume.gal\/es\/#organization","name":"Concello de Pontedeume","url":"https:\/\/www.pontedeume.gal\/es\/","logo":{"@type":"ImageObject","inLanguage":"es","@id":"https:\/\/www.pontedeume.gal\/es\/#\/schema\/logo\/image\/","url":"https:\/\/www.pontedeume.gal\/wp-content\/uploads\/2021\/12\/logotipo.png","contentUrl":"https:\/\/www.pontedeume.gal\/wp-content\/uploads\/2021\/12\/logotipo.png","width":673,"height":200,"caption":"Concello de Pontedeume"},"image":{"@id":"https:\/\/www.pontedeume.gal\/es\/#\/schema\/logo\/image\/"},"sameAs":["https:\/\/www.facebook.com\/concellodepontedeume\/"]}]}},"_links":{"self":[{"href":"https:\/\/www.pontedeume.gal\/es\/wp-json\/wp\/v2\/tribe_events\/57690","targetHints":{"allow":["GET"]}}],"collection":[{"href":"https:\/\/www.pontedeume.gal\/es\/wp-json\/wp\/v2\/tribe_events"}],"about":[{"href":"https:\/\/www.pontedeume.gal\/es\/wp-json\/wp\/v2\/types\/tribe_events"}],"author":[{"embeddable":true,"href":"https:\/\/www.pontedeume.gal\/es\/wp-json\/wp\/v2\/users\/7"}],"version-history":[{"count":1,"href":"https:\/\/www.pontedeume.gal\/es\/wp-json\/wp\/v2\/tribe_events\/57690\/revisions"}],"predecessor-version":[{"id":57691,"href":"https:\/\/www.pontedeume.gal\/es\/wp-json\/wp\/v2\/tribe_events\/57690\/revisions\/57691"}],"wp:featuredmedia":[{"embeddable":true,"href":"https:\/\/www.pontedeume.gal\/es\/wp-json\/wp\/v2\/media\/57686"}],"wp:attachment":[{"href":"https:\/\/www.pontedeume.gal\/es\/wp-json\/wp\/v2\/media?parent=57690"}],"wp:term":[{"taxonomy":"post_tag","embeddable":true,"href":"https:\/\/www.pontedeume.gal\/es\/wp-json\/wp\/v2\/tags?post=57690"},{"taxonomy":"tribe_events_cat","embeddable":true,"href":"https:\/\/www.pontedeume.gal\/es\/wp-json\/wp\/v2\/tribe_events_cat?post=57690"}],"curies":[{"name":"wp","href":"https:\/\/api.w.org\/{rel}","templated":true}]}}

<p>El proyecto «Conoce los Camilos», impulsada pola Orden del Camino de Santiago junto con el Ayuntamiento de Pontedeume, organiza jornadas multidisciplinares en ayuntamientos gallegos para promover e difundir vos distintos roteiros xacobeos, neste caso, Ou Camiño inglés ao seu paso por Pontedeume.</p>
<p>A través de eventos, la iniciativa busca dar a conocer el patrimonio cultural del Camino de Santiago, combinando charlas, música y otras actividades.</p>
<p>A las 12:00h habrá conferencias en la casa da Cultura con los siguientes contenidos: «El Camino de Santiago. El comportamiento de los peregrinos», » La prevención para disfrutar del Camino» y » El Camino Inglés en Pontedeume» a cargo de Noelia Fernández, Carmen Rivas y Carlos de Castro Álvarez.</p>
<p>A continuación habrá una actuación da La.F.C. Llovizna y a las 16:00h una visita guiada por el casco histórico de la villa.</p>

<!-- This site is optimized with the Yoast SEO plugin v26.2 - https://yoast.com/wordpress/plugins/seo/ -->
<title>Conoce los Caminos: Jornada Camino del Norte en el Ayuntamiento de Pontedeume | Concello de Pontedeume</title>
<meta name="description" content="Eventos do Concello de Pontedeume" />
<meta name="robots" content="index, follow, max-snippet:-1, max-image-preview:large, max-video-preview:-1" />
<link rel="canonical" href="https://www.pontedeume.gal/es/evento/conoce-los-caminos-jornada-camino-del-norte-en-el-ayuntamiento-de-pontedeume/" />
<meta property="og:locale" content="es_ES" />
<meta property="og:type" content="article" />
<meta property="og:title" content="Conoce los Caminos: Jornada Camino del Norte en el Ayuntamiento de Pontedeume | Concello de Pontedeume" />
<meta property="og:description" content="Eventos do Concello de Pontedeume" />
<meta property="og:url" content="https://www.pontedeume.gal/es/evento/conoce-los-caminos-jornada-camino-del-norte-en-el-ayuntamiento-de-pontedeume/" />
<meta property="og:site_name" content="Concello de Pontedeume" />
<meta property="article:publisher" content="https://www.facebook.com/concellodepontedeume/" />
<meta property="article:modified_time" content="2025-10-27T09:20:12+00:00" />
<meta property="og:image" content="https://www.pontedeume.gal/wp-content/uploads/2025/10/WhatsApp-Image-2025-10-24-at-09.07.01.jpeg" />
	<meta property="og:image:width" content="940" />
	<meta property="og:image:height" content="788" />
	<meta property="og:image:type" content="image/jpeg" />
<meta name="twitter:label1" content="Tiempo de lectura" />
	<meta name="twitter:data1" content="1 minuto" />
<script type="application/ld+json" class="yoast-schema-graph">{"@context":"https://schema.org","@graph":[{"@type":"WebPage","@id":"https://www.pontedeume.gal/es/evento/conoce-los-caminos-jornada-camino-del-norte-en-el-ayuntamiento-de-pontedeume/","url":"https://www.pontedeume.gal/es/evento/conoce-los-caminos-jornada-camino-del-norte-en-el-ayuntamiento-de-pontedeume/","name":"Conoce los Caminos: Jornada Camino del Norte en el Ayuntamiento de Pontedeume | Concello de Pontedeume","isPartOf":{"@id":"https://www.pontedeume.gal/es/#website"},"primaryImageOfPage":{"@id":"https://www.pontedeume.gal/es/evento/conoce-los-caminos-jornada-camino-del-norte-en-el-ayuntamiento-de-pontedeume/#primaryimage"},"image":{"@id":"https://www.pontedeume.gal/es/evento/conoce-los-caminos-jornada-camino-del-norte-en-el-ayuntamiento-de-pontedeume/#primaryimage"},"thumbnailUrl":"https://www.pontedeume.gal/wp-content/uploads/2025/10/WhatsApp-Image-2025-10-24-at-09.07.01.jpeg","datePublished":"2025-10-27T09:06:19+00:00","dateModified":"2025-10-27T09:20:12+00:00","description":"Eventos do Concello de Pontedeume","breadcrumb":{"@id":"https://www.pontedeume.gal/es/evento/conoce-los-caminos-jornada-camino-del-norte-en-el-ayuntamiento-de-pontedeume/#breadcrumb"},"inLanguage":"es","potentialAction":[{"@type":"ReadAction","target":["https://www.pontedeume.gal/es/evento/conoce-los-caminos-jornada-camino-del-norte-en-el-ayuntamiento-de-pontedeume/"]}]},{"@type":"ImageObject","inLanguage":"es","@id":"https://www.pontedeume.gal/es/evento/conoce-los-caminos-jornada-camino-del-norte-en-el-ayuntamiento-de-pontedeume/#primaryimage","url":"https://www.pontedeume.gal/wp-content/uploads/2025/10/WhatsApp-Image-2025-10-24-at-09.07.01.jpeg","contentUrl":"https://www.pontedeume.gal/wp-content/uploads/2025/10/WhatsApp-Image-2025-10-24-at-09.07.01.jpeg","width":940,"height":788},{"@type":"BreadcrumbList","@id":"https://www.pontedeume.gal/es/evento/conoce-los-caminos-jornada-camino-del-norte-en-el-ayuntamiento-de-pontedeume/#breadcrumb","itemListElement":[{"@type":"ListItem","position":1,"name":"Home","item":"https://www.pontedeume.gal/es/"},{"@type":"ListItem","position":2,"name":"Eventos","item":"https://www.pontedeume.gal/es/eventos/"},{"@type":"ListItem","position":3,"name":"Conoce los Caminos: Jornada Camino del Norte en el Ayuntamiento de Pontedeume"}]},{"@type":"WebSite","@id":"https://www.pontedeume.gal/es/#website","url":"https://www.pontedeume.gal/es/","name":"Concello de Pontedeume","description":"Páxina oficial do Concello de Pontedeume","publisher":{"@id":"https://www.pontedeume.gal/es/#organization"},"potentialAction":[{"@type":"SearchAction","target":{"@type":"EntryPoint","urlTemplate":"https://www.pontedeume.gal/es/?s={search_term_string}"},"query-input":{"@type":"PropertyValueSpecification","valueRequired":true,"valueName":"search_term_string"}}],"inLanguage":"es"},{"@type":"Organization","@id":"https://www.pontedeume.gal/es/#organization","name":"Concello de Pontedeume","url":"https://www.pontedeume.gal/es/","logo":{"@type":"ImageObject","inLanguage":"es","@id":"https://www.pontedeume.gal/es/#/schema/logo/image/","url":"https://www.pontedeume.gal/wp-content/uploads/2021/12/logotipo.png","contentUrl":"https://www.pontedeume.gal/wp-content/uploads/2021/12/logotipo.png","width":673,"height":200,"caption":"Concello de Pontedeume"},"image":{"@id":"https://www.pontedeume.gal/es/#/schema/logo/image/"},"sameAs":["https://www.facebook.com/concellodepontedeume/"]}]}</script>
<!-- / Yoast SEO plugin. -->

Páxina oficial do Concello de Pontedeume
