{"id":52355,"date":"2025-04-07T10:57:48","date_gmt":"2025-04-07T08:57:48","guid":{"rendered":"https:\/\/www.pontedeume.gal\/?post_type=tribe_events&#038;p=52355"},"modified":"2025-04-07T11:00:06","modified_gmt":"2025-04-07T09:00:06","slug":"feria-de-la-primavera-en-el-espazo-xove","status":"publish","type":"tribe_events","link":"https:\/\/www.pontedeume.gal\/es\/evento\/feria-de-la-primavera-en-el-espazo-xove\/","title":{"rendered":"Feria de la Primavera en el Espazo Xove"},"content":{"rendered":"<p>El pr\u00f3ximo viernes 11 de abril, el Espacio Xove de Pontedeume organiza, en colaboraci\u00f3n con el Ayuntamiento de Pontedeume, una nueva edici\u00f3n de la Feria de la Primavera para la juventud en la Alameda de Raxoi.<\/p>\n<p>A partir de las 17:00h.<\/p>\n<p>Inscripciones en el Espacio Xove de Pontedeume o en el n\u00famero de tel\u00e9fono 881930476<\/p>\n","protected":false},"excerpt":{"rendered":"<p>El pr\u00f3ximo viernes 11 de abril, el Espacio Xove de Pontedeume organiza, en colaboraci\u00f3n con el Ayuntamiento de Pontedeume, una nueva edici\u00f3n de la Feria de la Primavera para la&#8230;<\/p>\n","protected":false},"author":7,"featured_media":52352,"template":"","meta":{"inline_featured_image":false,"_tribe_events_status":"","_tribe_events_status_reason":"","footnotes":""},"tags":[],"tribe_events_cat":[415],"class_list":["post-52355","tribe_events","type-tribe_events","status-publish","has-post-thumbnail","hentry","tribe_events_cat-juventud","cat_juventud"],"yoast_head":"<!-- This site is optimized with the Yoast SEO plugin v26.2 - https:\/\/yoast.com\/wordpress\/plugins\/seo\/ -->\n<title>Feria de la Primavera en el Espazo Xove | Concello de Pontedeume<\/title>\n<meta name=\"description\" content=\"Eventos do Concello de Pontedeume\" \/>\n<meta name=\"robots\" content=\"index, follow, max-snippet:-1, max-image-preview:large, max-video-preview:-1\" \/>\n<link rel=\"canonical\" href=\"https:\/\/www.pontedeume.gal\/es\/evento\/feria-de-la-primavera-en-el-espazo-xove\/\" \/>\n<meta property=\"og:locale\" content=\"es_ES\" \/>\n<meta property=\"og:type\" content=\"article\" \/>\n<meta property=\"og:title\" content=\"Feria de la Primavera en el Espazo Xove | Concello de Pontedeume\" \/>\n<meta property=\"og:description\" content=\"Eventos do Concello de Pontedeume\" \/>\n<meta property=\"og:url\" content=\"https:\/\/www.pontedeume.gal\/es\/evento\/feria-de-la-primavera-en-el-espazo-xove\/\" \/>\n<meta property=\"og:site_name\" content=\"Concello de Pontedeume\" \/>\n<meta property=\"article:publisher\" content=\"https:\/\/www.facebook.com\/concellodepontedeume\/\" \/>\n<meta property=\"article:modified_time\" content=\"2025-04-07T09:00:06+00:00\" \/>\n<meta property=\"og:image\" content=\"https:\/\/www.pontedeume.gal\/wp-content\/uploads\/2025\/04\/cartel-feria-primavera-2025_page-0001.jpg\" \/>\n\t<meta property=\"og:image:width\" content=\"1240\" \/>\n\t<meta property=\"og:image:height\" content=\"1755\" \/>\n\t<meta property=\"og:image:type\" content=\"image\/jpeg\" \/>\n<meta name=\"twitter:label1\" content=\"Tiempo de lectura\" \/>\n\t<meta name=\"twitter:data1\" content=\"1 minuto\" \/>\n<script type=\"application\/ld+json\" class=\"yoast-schema-graph\">{\"@context\":\"https:\/\/schema.org\",\"@graph\":[{\"@type\":\"WebPage\",\"@id\":\"https:\/\/www.pontedeume.gal\/es\/evento\/feria-de-la-primavera-en-el-espazo-xove\/\",\"url\":\"https:\/\/www.pontedeume.gal\/es\/evento\/feria-de-la-primavera-en-el-espazo-xove\/\",\"name\":\"Feria de la Primavera en el Espazo Xove | Concello de Pontedeume\",\"isPartOf\":{\"@id\":\"https:\/\/www.pontedeume.gal\/es\/#website\"},\"primaryImageOfPage\":{\"@id\":\"https:\/\/www.pontedeume.gal\/es\/evento\/feria-de-la-primavera-en-el-espazo-xove\/#primaryimage\"},\"image\":{\"@id\":\"https:\/\/www.pontedeume.gal\/es\/evento\/feria-de-la-primavera-en-el-espazo-xove\/#primaryimage\"},\"thumbnailUrl\":\"https:\/\/www.pontedeume.gal\/wp-content\/uploads\/2025\/04\/cartel-feria-primavera-2025_page-0001.jpg\",\"datePublished\":\"2025-04-07T08:57:48+00:00\",\"dateModified\":\"2025-04-07T09:00:06+00:00\",\"description\":\"Eventos do Concello de Pontedeume\",\"breadcrumb\":{\"@id\":\"https:\/\/www.pontedeume.gal\/es\/evento\/feria-de-la-primavera-en-el-espazo-xove\/#breadcrumb\"},\"inLanguage\":\"es\",\"potentialAction\":[{\"@type\":\"ReadAction\",\"target\":[\"https:\/\/www.pontedeume.gal\/es\/evento\/feria-de-la-primavera-en-el-espazo-xove\/\"]}]},{\"@type\":\"ImageObject\",\"inLanguage\":\"es\",\"@id\":\"https:\/\/www.pontedeume.gal\/es\/evento\/feria-de-la-primavera-en-el-espazo-xove\/#primaryimage\",\"url\":\"https:\/\/www.pontedeume.gal\/wp-content\/uploads\/2025\/04\/cartel-feria-primavera-2025_page-0001.jpg\",\"contentUrl\":\"https:\/\/www.pontedeume.gal\/wp-content\/uploads\/2025\/04\/cartel-feria-primavera-2025_page-0001.jpg\",\"width\":1240,\"height\":1755},{\"@type\":\"BreadcrumbList\",\"@id\":\"https:\/\/www.pontedeume.gal\/es\/evento\/feria-de-la-primavera-en-el-espazo-xove\/#breadcrumb\",\"itemListElement\":[{\"@type\":\"ListItem\",\"position\":1,\"name\":\"Home\",\"item\":\"https:\/\/www.pontedeume.gal\/es\/\"},{\"@type\":\"ListItem\",\"position\":2,\"name\":\"Eventos\",\"item\":\"https:\/\/www.pontedeume.gal\/es\/eventos\/\"},{\"@type\":\"ListItem\",\"position\":3,\"name\":\"Feria de la Primavera en el Espazo Xove\"}]},{\"@type\":\"WebSite\",\"@id\":\"https:\/\/www.pontedeume.gal\/es\/#website\",\"url\":\"https:\/\/www.pontedeume.gal\/es\/\",\"name\":\"Concello de Pontedeume\",\"description\":\"P\u00e1xina oficial do Concello de Pontedeume\",\"publisher\":{\"@id\":\"https:\/\/www.pontedeume.gal\/es\/#organization\"},\"potentialAction\":[{\"@type\":\"SearchAction\",\"target\":{\"@type\":\"EntryPoint\",\"urlTemplate\":\"https:\/\/www.pontedeume.gal\/es\/?s={search_term_string}\"},\"query-input\":{\"@type\":\"PropertyValueSpecification\",\"valueRequired\":true,\"valueName\":\"search_term_string\"}}],\"inLanguage\":\"es\"},{\"@type\":\"Organization\",\"@id\":\"https:\/\/www.pontedeume.gal\/es\/#organization\",\"name\":\"Concello de Pontedeume\",\"url\":\"https:\/\/www.pontedeume.gal\/es\/\",\"logo\":{\"@type\":\"ImageObject\",\"inLanguage\":\"es\",\"@id\":\"https:\/\/www.pontedeume.gal\/es\/#\/schema\/logo\/image\/\",\"url\":\"https:\/\/www.pontedeume.gal\/wp-content\/uploads\/2021\/12\/logotipo.png\",\"contentUrl\":\"https:\/\/www.pontedeume.gal\/wp-content\/uploads\/2021\/12\/logotipo.png\",\"width\":673,\"height\":200,\"caption\":\"Concello de Pontedeume\"},\"image\":{\"@id\":\"https:\/\/www.pontedeume.gal\/es\/#\/schema\/logo\/image\/\"},\"sameAs\":[\"https:\/\/www.facebook.com\/concellodepontedeume\/\"]}]}<\/script>\n<!-- \/ Yoast SEO plugin. -->","yoast_head_json":{"title":"Feria de la Primavera en el Espazo Xove | Concello de Pontedeume","description":"Eventos do Concello de Pontedeume","robots":{"index":"index","follow":"follow","max-snippet":"max-snippet:-1","max-image-preview":"max-image-preview:large","max-video-preview":"max-video-preview:-1"},"canonical":"https:\/\/www.pontedeume.gal\/es\/evento\/feria-de-la-primavera-en-el-espazo-xove\/","og_locale":"es_ES","og_type":"article","og_title":"Feria de la Primavera en el Espazo Xove | Concello de Pontedeume","og_description":"Eventos do Concello de Pontedeume","og_url":"https:\/\/www.pontedeume.gal\/es\/evento\/feria-de-la-primavera-en-el-espazo-xove\/","og_site_name":"Concello de Pontedeume","article_publisher":"https:\/\/www.facebook.com\/concellodepontedeume\/","article_modified_time":"2025-04-07T09:00:06+00:00","og_image":[{"width":1240,"height":1755,"url":"https:\/\/www.pontedeume.gal\/wp-content\/uploads\/2025\/04\/cartel-feria-primavera-2025_page-0001.jpg","type":"image\/jpeg"}],"twitter_misc":{"Tiempo de lectura":"1 minuto"},"schema":{"@context":"https:\/\/schema.org","@graph":[{"@type":"WebPage","@id":"https:\/\/www.pontedeume.gal\/es\/evento\/feria-de-la-primavera-en-el-espazo-xove\/","url":"https:\/\/www.pontedeume.gal\/es\/evento\/feria-de-la-primavera-en-el-espazo-xove\/","name":"Feria de la Primavera en el Espazo Xove | Concello de Pontedeume","isPartOf":{"@id":"https:\/\/www.pontedeume.gal\/es\/#website"},"primaryImageOfPage":{"@id":"https:\/\/www.pontedeume.gal\/es\/evento\/feria-de-la-primavera-en-el-espazo-xove\/#primaryimage"},"image":{"@id":"https:\/\/www.pontedeume.gal\/es\/evento\/feria-de-la-primavera-en-el-espazo-xove\/#primaryimage"},"thumbnailUrl":"https:\/\/www.pontedeume.gal\/wp-content\/uploads\/2025\/04\/cartel-feria-primavera-2025_page-0001.jpg","datePublished":"2025-04-07T08:57:48+00:00","dateModified":"2025-04-07T09:00:06+00:00","description":"Eventos do Concello de Pontedeume","breadcrumb":{"@id":"https:\/\/www.pontedeume.gal\/es\/evento\/feria-de-la-primavera-en-el-espazo-xove\/#breadcrumb"},"inLanguage":"es","potentialAction":[{"@type":"ReadAction","target":["https:\/\/www.pontedeume.gal\/es\/evento\/feria-de-la-primavera-en-el-espazo-xove\/"]}]},{"@type":"ImageObject","inLanguage":"es","@id":"https:\/\/www.pontedeume.gal\/es\/evento\/feria-de-la-primavera-en-el-espazo-xove\/#primaryimage","url":"https:\/\/www.pontedeume.gal\/wp-content\/uploads\/2025\/04\/cartel-feria-primavera-2025_page-0001.jpg","contentUrl":"https:\/\/www.pontedeume.gal\/wp-content\/uploads\/2025\/04\/cartel-feria-primavera-2025_page-0001.jpg","width":1240,"height":1755},{"@type":"BreadcrumbList","@id":"https:\/\/www.pontedeume.gal\/es\/evento\/feria-de-la-primavera-en-el-espazo-xove\/#breadcrumb","itemListElement":[{"@type":"ListItem","position":1,"name":"Home","item":"https:\/\/www.pontedeume.gal\/es\/"},{"@type":"ListItem","position":2,"name":"Eventos","item":"https:\/\/www.pontedeume.gal\/es\/eventos\/"},{"@type":"ListItem","position":3,"name":"Feria de la Primavera en el Espazo Xove"}]},{"@type":"WebSite","@id":"https:\/\/www.pontedeume.gal\/es\/#website","url":"https:\/\/www.pontedeume.gal\/es\/","name":"Concello de Pontedeume","description":"P\u00e1xina oficial do Concello de Pontedeume","publisher":{"@id":"https:\/\/www.pontedeume.gal\/es\/#organization"},"potentialAction":[{"@type":"SearchAction","target":{"@type":"EntryPoint","urlTemplate":"https:\/\/www.pontedeume.gal\/es\/?s={search_term_string}"},"query-input":{"@type":"PropertyValueSpecification","valueRequired":true,"valueName":"search_term_string"}}],"inLanguage":"es"},{"@type":"Organization","@id":"https:\/\/www.pontedeume.gal\/es\/#organization","name":"Concello de Pontedeume","url":"https:\/\/www.pontedeume.gal\/es\/","logo":{"@type":"ImageObject","inLanguage":"es","@id":"https:\/\/www.pontedeume.gal\/es\/#\/schema\/logo\/image\/","url":"https:\/\/www.pontedeume.gal\/wp-content\/uploads\/2021\/12\/logotipo.png","contentUrl":"https:\/\/www.pontedeume.gal\/wp-content\/uploads\/2021\/12\/logotipo.png","width":673,"height":200,"caption":"Concello de Pontedeume"},"image":{"@id":"https:\/\/www.pontedeume.gal\/es\/#\/schema\/logo\/image\/"},"sameAs":["https:\/\/www.facebook.com\/concellodepontedeume\/"]}]}},"_links":{"self":[{"href":"https:\/\/www.pontedeume.gal\/es\/wp-json\/wp\/v2\/tribe_events\/52355","targetHints":{"allow":["GET"]}}],"collection":[{"href":"https:\/\/www.pontedeume.gal\/es\/wp-json\/wp\/v2\/tribe_events"}],"about":[{"href":"https:\/\/www.pontedeume.gal\/es\/wp-json\/wp\/v2\/types\/tribe_events"}],"author":[{"embeddable":true,"href":"https:\/\/www.pontedeume.gal\/es\/wp-json\/wp\/v2\/users\/7"}],"version-history":[{"count":1,"href":"https:\/\/www.pontedeume.gal\/es\/wp-json\/wp\/v2\/tribe_events\/52355\/revisions"}],"predecessor-version":[{"id":52356,"href":"https:\/\/www.pontedeume.gal\/es\/wp-json\/wp\/v2\/tribe_events\/52355\/revisions\/52356"}],"wp:featuredmedia":[{"embeddable":true,"href":"https:\/\/www.pontedeume.gal\/es\/wp-json\/wp\/v2\/media\/52352"}],"wp:attachment":[{"href":"https:\/\/www.pontedeume.gal\/es\/wp-json\/wp\/v2\/media?parent=52355"}],"wp:term":[{"taxonomy":"post_tag","embeddable":true,"href":"https:\/\/www.pontedeume.gal\/es\/wp-json\/wp\/v2\/tags?post=52355"},{"taxonomy":"tribe_events_cat","embeddable":true,"href":"https:\/\/www.pontedeume.gal\/es\/wp-json\/wp\/v2\/tribe_events_cat?post=52355"}],"curies":[{"name":"wp","href":"https:\/\/api.w.org\/{rel}","templated":true}]}}

<p>El próximo viernes 11 de abril, el Espacio Xove de Pontedeume organiza, en colaboración con el Ayuntamiento de Pontedeume, una nueva edición de la Feria de la Primavera para la juventud en la Alameda de Raxoi.</p>
<p>A partir de las 17:00h.</p>
<p>Inscripciones en el Espacio Xove de Pontedeume o en el número de teléfono 881930476</p>

<p>El próximo viernes 11 de abril, el Espacio Xove de Pontedeume organiza, en colaboración con el Ayuntamiento de Pontedeume, una nueva edición de la Feria de la Primavera para la&#8230;</p>

<!-- This site is optimized with the Yoast SEO plugin v26.2 - https://yoast.com/wordpress/plugins/seo/ -->
<title>Feria de la Primavera en el Espazo Xove | Concello de Pontedeume</title>
<meta name="description" content="Eventos do Concello de Pontedeume" />
<meta name="robots" content="index, follow, max-snippet:-1, max-image-preview:large, max-video-preview:-1" />
<link rel="canonical" href="https://www.pontedeume.gal/es/evento/feria-de-la-primavera-en-el-espazo-xove/" />
<meta property="og:locale" content="es_ES" />
<meta property="og:type" content="article" />
<meta property="og:title" content="Feria de la Primavera en el Espazo Xove | Concello de Pontedeume" />
<meta property="og:description" content="Eventos do Concello de Pontedeume" />
<meta property="og:url" content="https://www.pontedeume.gal/es/evento/feria-de-la-primavera-en-el-espazo-xove/" />
<meta property="og:site_name" content="Concello de Pontedeume" />
<meta property="article:publisher" content="https://www.facebook.com/concellodepontedeume/" />
<meta property="article:modified_time" content="2025-04-07T09:00:06+00:00" />
<meta property="og:image" content="https://www.pontedeume.gal/wp-content/uploads/2025/04/cartel-feria-primavera-2025_page-0001.jpg" />
	<meta property="og:image:width" content="1240" />
	<meta property="og:image:height" content="1755" />
	<meta property="og:image:type" content="image/jpeg" />
<meta name="twitter:label1" content="Tiempo de lectura" />
	<meta name="twitter:data1" content="1 minuto" />
<script type="application/ld+json" class="yoast-schema-graph">{"@context":"https://schema.org","@graph":[{"@type":"WebPage","@id":"https://www.pontedeume.gal/es/evento/feria-de-la-primavera-en-el-espazo-xove/","url":"https://www.pontedeume.gal/es/evento/feria-de-la-primavera-en-el-espazo-xove/","name":"Feria de la Primavera en el Espazo Xove | Concello de Pontedeume","isPartOf":{"@id":"https://www.pontedeume.gal/es/#website"},"primaryImageOfPage":{"@id":"https://www.pontedeume.gal/es/evento/feria-de-la-primavera-en-el-espazo-xove/#primaryimage"},"image":{"@id":"https://www.pontedeume.gal/es/evento/feria-de-la-primavera-en-el-espazo-xove/#primaryimage"},"thumbnailUrl":"https://www.pontedeume.gal/wp-content/uploads/2025/04/cartel-feria-primavera-2025_page-0001.jpg","datePublished":"2025-04-07T08:57:48+00:00","dateModified":"2025-04-07T09:00:06+00:00","description":"Eventos do Concello de Pontedeume","breadcrumb":{"@id":"https://www.pontedeume.gal/es/evento/feria-de-la-primavera-en-el-espazo-xove/#breadcrumb"},"inLanguage":"es","potentialAction":[{"@type":"ReadAction","target":["https://www.pontedeume.gal/es/evento/feria-de-la-primavera-en-el-espazo-xove/"]}]},{"@type":"ImageObject","inLanguage":"es","@id":"https://www.pontedeume.gal/es/evento/feria-de-la-primavera-en-el-espazo-xove/#primaryimage","url":"https://www.pontedeume.gal/wp-content/uploads/2025/04/cartel-feria-primavera-2025_page-0001.jpg","contentUrl":"https://www.pontedeume.gal/wp-content/uploads/2025/04/cartel-feria-primavera-2025_page-0001.jpg","width":1240,"height":1755},{"@type":"BreadcrumbList","@id":"https://www.pontedeume.gal/es/evento/feria-de-la-primavera-en-el-espazo-xove/#breadcrumb","itemListElement":[{"@type":"ListItem","position":1,"name":"Home","item":"https://www.pontedeume.gal/es/"},{"@type":"ListItem","position":2,"name":"Eventos","item":"https://www.pontedeume.gal/es/eventos/"},{"@type":"ListItem","position":3,"name":"Feria de la Primavera en el Espazo Xove"}]},{"@type":"WebSite","@id":"https://www.pontedeume.gal/es/#website","url":"https://www.pontedeume.gal/es/","name":"Concello de Pontedeume","description":"Páxina oficial do Concello de Pontedeume","publisher":{"@id":"https://www.pontedeume.gal/es/#organization"},"potentialAction":[{"@type":"SearchAction","target":{"@type":"EntryPoint","urlTemplate":"https://www.pontedeume.gal/es/?s={search_term_string}"},"query-input":{"@type":"PropertyValueSpecification","valueRequired":true,"valueName":"search_term_string"}}],"inLanguage":"es"},{"@type":"Organization","@id":"https://www.pontedeume.gal/es/#organization","name":"Concello de Pontedeume","url":"https://www.pontedeume.gal/es/","logo":{"@type":"ImageObject","inLanguage":"es","@id":"https://www.pontedeume.gal/es/#/schema/logo/image/","url":"https://www.pontedeume.gal/wp-content/uploads/2021/12/logotipo.png","contentUrl":"https://www.pontedeume.gal/wp-content/uploads/2021/12/logotipo.png","width":673,"height":200,"caption":"Concello de Pontedeume"},"image":{"@id":"https://www.pontedeume.gal/es/#/schema/logo/image/"},"sameAs":["https://www.facebook.com/concellodepontedeume/"]}]}</script>
<!-- / Yoast SEO plugin. -->

Páxina oficial do Concello de Pontedeume
