{"id":16146,"date":"2017-10-17T08:37:57","date_gmt":"2017-10-17T08:37:57","guid":{"rendered":"https:\/\/www.pontedeume.gal\/?page_id=16146"},"modified":"2017-11-08T18:27:45","modified_gmt":"2017-11-08T16:27:45","slug":"accesibilidad","status":"publish","type":"page","link":"https:\/\/www.pontedeume.gal\/es\/accesibilidad\/","title":{"rendered":"Accesibilidad"},"content":{"rendered":"<div id=\"cmsmasters_row_zvy67a2bb\" class=\"cmsmasters_row cmsmasters_color_scheme_default cmsmasters_row_top_default cmsmasters_row_bot_default cmsmasters_row_boxed\">\n<div class=\"cmsmasters_row_outer_parent\">\n<div class=\"cmsmasters_row_outer\">\n<div class=\"cmsmasters_row_inner\">\n<div class=\"cmsmasters_row_margin\">\n<div id=\"cmsmasters_column_76o2yutkp\" class=\"cmsmasters_column one_first\">\n<div class=\"cmsmasters_column_inner\"><div id=\"cmsmasters_heading_9jt8xwib4a\" class=\"cmsmasters_heading_wrap cmsmasters_heading_align_left\">\n\t<h2 class=\"cmsmasters_heading\">Accesibilidad<\/h2>\n<\/div><div class=\"cmsmasters_text\">\n<p>Internet se cre\u00f3 como una red universal de adquisici\u00f3n y tratamiento de la informaci\u00f3n. Sin embargo, tambi\u00e9n puede suponer una barrera para los ciudadanos con alg\u00fan tipo de discapacidad.<\/p>\n<p>Es por ello que desde el Ayuntamiento de Pontedeume [www.pontedeume.gal] intentamos eliminar, en la medida de lo posible, las barreras m\u00e1s comunes con las que se encuentran los internautas de edad, con discapacidades f\u00edsicas, ps\u00edquicas, sensoriales o cognitivas a la hora de acceder al universo web.<\/p>\n<p>Durante el proceso de creaci\u00f3n y dise\u00f1o de nuestra web se han tenido en cuenta las Pautas de Accesibilidad al Contenido en la Web (WCAG), para que todos los usuarios, independientemente de las circunstancias y de los dispositivos involucrados a la hora de acceder a la informaci\u00f3n, puedan acceder a los contenidos de nuestra p\u00e1gina.<\/p>\n<p>El formato del contenido de la web sigue el est\u00e1ndar recomendado por el W3C, los elementos que constituyen el contenido siguen las pautas marcadas por el nivel de prioridad AA de las Directrices de Accesibilidad para Contenido Web del W3C y las hojas de estilo (CSS) para asignar los formatos de presentaci\u00f3n de los contenidos siguen tambi\u00e9n el est\u00e1ndar del W3C.<\/p>\n<p>Si encuentras alguna dificultad para acceder a la informaci\u00f3n que se ofrece en\u00a0nuestra p\u00e1gina le rogamos que nos lo haga\u00a0saber poni\u00e9ndose en contacto con el Ayuntamiento.<\/p>\n<\/div>\n<\/div><\/div>\n<\/div>\n<\/div>\n<\/div>\n<\/div>\n<\/div>\n\n","protected":false},"excerpt":{"rendered":"","protected":false},"author":3,"featured_media":0,"parent":0,"menu_order":0,"comment_status":"closed","ping_status":"closed","template":"","meta":{"inline_featured_image":false,"footnotes":""},"class_list":["post-16146","page","type-page","status-publish","hentry"],"yoast_head":"<!-- This site is optimized with the Yoast SEO plugin v26.2 - https:\/\/yoast.com\/wordpress\/plugins\/seo\/ -->\n<title>Accesibilidad | Concello de Pontedeume<\/title>\n<meta name=\"description\" content=\"Se han tenido en cuenta las pautas de accesibilidad al contenido Web (WCAG), de modo que todos los usuarios puedan acceder al contenido.\" \/>\n<meta name=\"robots\" content=\"index, follow, max-snippet:-1, max-image-preview:large, max-video-preview:-1\" \/>\n<link rel=\"canonical\" href=\"https:\/\/www.pontedeume.gal\/es\/accesibilidad\/\" \/>\n<meta property=\"og:locale\" content=\"es_ES\" \/>\n<meta property=\"og:type\" content=\"article\" \/>\n<meta property=\"og:title\" content=\"Accesibilidad | Concello de Pontedeume\" \/>\n<meta property=\"og:description\" content=\"Se han tenido en cuenta las pautas de accesibilidad al contenido Web (WCAG), de modo que todos los usuarios puedan acceder al contenido.\" \/>\n<meta property=\"og:url\" content=\"https:\/\/www.pontedeume.gal\/es\/accesibilidad\/\" \/>\n<meta property=\"og:site_name\" content=\"Concello de Pontedeume\" \/>\n<meta property=\"article:publisher\" content=\"https:\/\/www.facebook.com\/concellodepontedeume\/\" \/>\n<meta property=\"article:modified_time\" content=\"2017-11-08T16:27:45+00:00\" \/>\n<meta property=\"og:image\" content=\"https:\/\/www.pontedeume.gal\/wp-content\/uploads\/2021\/12\/logotipo.png\" \/>\n\t<meta property=\"og:image:width\" content=\"673\" \/>\n\t<meta property=\"og:image:height\" content=\"200\" \/>\n\t<meta property=\"og:image:type\" content=\"image\/png\" \/>\n<meta name=\"twitter:label1\" content=\"Tiempo de lectura\" \/>\n\t<meta name=\"twitter:data1\" content=\"2 minutos\" \/>\n<script type=\"application\/ld+json\" class=\"yoast-schema-graph\">{\"@context\":\"https:\/\/schema.org\",\"@graph\":[{\"@type\":\"WebPage\",\"@id\":\"https:\/\/www.pontedeume.gal\/es\/accesibilidad\/\",\"url\":\"https:\/\/www.pontedeume.gal\/es\/accesibilidad\/\",\"name\":\"Accesibilidad | Concello de Pontedeume\",\"isPartOf\":{\"@id\":\"https:\/\/www.pontedeume.gal\/es\/#website\"},\"datePublished\":\"2017-10-17T08:37:57+00:00\",\"dateModified\":\"2017-11-08T16:27:45+00:00\",\"description\":\"Se han tenido en cuenta las pautas de accesibilidad al contenido Web (WCAG), de modo que todos los usuarios puedan acceder al contenido.\",\"breadcrumb\":{\"@id\":\"https:\/\/www.pontedeume.gal\/es\/accesibilidad\/#breadcrumb\"},\"inLanguage\":\"es\",\"potentialAction\":[{\"@type\":\"ReadAction\",\"target\":[\"https:\/\/www.pontedeume.gal\/es\/accesibilidad\/\"]}]},{\"@type\":\"BreadcrumbList\",\"@id\":\"https:\/\/www.pontedeume.gal\/es\/accesibilidad\/#breadcrumb\",\"itemListElement\":[{\"@type\":\"ListItem\",\"position\":1,\"name\":\"Home\",\"item\":\"https:\/\/www.pontedeume.gal\/es\/\"},{\"@type\":\"ListItem\",\"position\":2,\"name\":\"Accesibilidad\"}]},{\"@type\":\"WebSite\",\"@id\":\"https:\/\/www.pontedeume.gal\/es\/#website\",\"url\":\"https:\/\/www.pontedeume.gal\/es\/\",\"name\":\"Concello de Pontedeume\",\"description\":\"P\u00e1xina oficial do Concello de Pontedeume\",\"publisher\":{\"@id\":\"https:\/\/www.pontedeume.gal\/es\/#organization\"},\"potentialAction\":[{\"@type\":\"SearchAction\",\"target\":{\"@type\":\"EntryPoint\",\"urlTemplate\":\"https:\/\/www.pontedeume.gal\/es\/?s={search_term_string}\"},\"query-input\":{\"@type\":\"PropertyValueSpecification\",\"valueRequired\":true,\"valueName\":\"search_term_string\"}}],\"inLanguage\":\"es\"},{\"@type\":\"Organization\",\"@id\":\"https:\/\/www.pontedeume.gal\/es\/#organization\",\"name\":\"Concello de Pontedeume\",\"url\":\"https:\/\/www.pontedeume.gal\/es\/\",\"logo\":{\"@type\":\"ImageObject\",\"inLanguage\":\"es\",\"@id\":\"https:\/\/www.pontedeume.gal\/es\/#\/schema\/logo\/image\/\",\"url\":\"https:\/\/www.pontedeume.gal\/wp-content\/uploads\/2021\/12\/logotipo.png\",\"contentUrl\":\"https:\/\/www.pontedeume.gal\/wp-content\/uploads\/2021\/12\/logotipo.png\",\"width\":673,\"height\":200,\"caption\":\"Concello de Pontedeume\"},\"image\":{\"@id\":\"https:\/\/www.pontedeume.gal\/es\/#\/schema\/logo\/image\/\"},\"sameAs\":[\"https:\/\/www.facebook.com\/concellodepontedeume\/\"]}]}<\/script>\n<!-- \/ Yoast SEO plugin. -->","yoast_head_json":{"title":"Accesibilidad | Concello de Pontedeume","description":"Se han tenido en cuenta las pautas de accesibilidad al contenido Web (WCAG), de modo que todos los usuarios puedan acceder al contenido.","robots":{"index":"index","follow":"follow","max-snippet":"max-snippet:-1","max-image-preview":"max-image-preview:large","max-video-preview":"max-video-preview:-1"},"canonical":"https:\/\/www.pontedeume.gal\/es\/accesibilidad\/","og_locale":"es_ES","og_type":"article","og_title":"Accesibilidad | Concello de Pontedeume","og_description":"Se han tenido en cuenta las pautas de accesibilidad al contenido Web (WCAG), de modo que todos los usuarios puedan acceder al contenido.","og_url":"https:\/\/www.pontedeume.gal\/es\/accesibilidad\/","og_site_name":"Concello de Pontedeume","article_publisher":"https:\/\/www.facebook.com\/concellodepontedeume\/","article_modified_time":"2017-11-08T16:27:45+00:00","og_image":[{"width":673,"height":200,"url":"https:\/\/www.pontedeume.gal\/wp-content\/uploads\/2021\/12\/logotipo.png","type":"image\/png"}],"twitter_misc":{"Tiempo de lectura":"2 minutos"},"schema":{"@context":"https:\/\/schema.org","@graph":[{"@type":"WebPage","@id":"https:\/\/www.pontedeume.gal\/es\/accesibilidad\/","url":"https:\/\/www.pontedeume.gal\/es\/accesibilidad\/","name":"Accesibilidad | Concello de Pontedeume","isPartOf":{"@id":"https:\/\/www.pontedeume.gal\/es\/#website"},"datePublished":"2017-10-17T08:37:57+00:00","dateModified":"2017-11-08T16:27:45+00:00","description":"Se han tenido en cuenta las pautas de accesibilidad al contenido Web (WCAG), de modo que todos los usuarios puedan acceder al contenido.","breadcrumb":{"@id":"https:\/\/www.pontedeume.gal\/es\/accesibilidad\/#breadcrumb"},"inLanguage":"es","potentialAction":[{"@type":"ReadAction","target":["https:\/\/www.pontedeume.gal\/es\/accesibilidad\/"]}]},{"@type":"BreadcrumbList","@id":"https:\/\/www.pontedeume.gal\/es\/accesibilidad\/#breadcrumb","itemListElement":[{"@type":"ListItem","position":1,"name":"Home","item":"https:\/\/www.pontedeume.gal\/es\/"},{"@type":"ListItem","position":2,"name":"Accesibilidad"}]},{"@type":"WebSite","@id":"https:\/\/www.pontedeume.gal\/es\/#website","url":"https:\/\/www.pontedeume.gal\/es\/","name":"Concello de Pontedeume","description":"P\u00e1xina oficial do Concello de Pontedeume","publisher":{"@id":"https:\/\/www.pontedeume.gal\/es\/#organization"},"potentialAction":[{"@type":"SearchAction","target":{"@type":"EntryPoint","urlTemplate":"https:\/\/www.pontedeume.gal\/es\/?s={search_term_string}"},"query-input":{"@type":"PropertyValueSpecification","valueRequired":true,"valueName":"search_term_string"}}],"inLanguage":"es"},{"@type":"Organization","@id":"https:\/\/www.pontedeume.gal\/es\/#organization","name":"Concello de Pontedeume","url":"https:\/\/www.pontedeume.gal\/es\/","logo":{"@type":"ImageObject","inLanguage":"es","@id":"https:\/\/www.pontedeume.gal\/es\/#\/schema\/logo\/image\/","url":"https:\/\/www.pontedeume.gal\/wp-content\/uploads\/2021\/12\/logotipo.png","contentUrl":"https:\/\/www.pontedeume.gal\/wp-content\/uploads\/2021\/12\/logotipo.png","width":673,"height":200,"caption":"Concello de Pontedeume"},"image":{"@id":"https:\/\/www.pontedeume.gal\/es\/#\/schema\/logo\/image\/"},"sameAs":["https:\/\/www.facebook.com\/concellodepontedeume\/"]}]}},"_links":{"self":[{"href":"https:\/\/www.pontedeume.gal\/es\/wp-json\/wp\/v2\/pages\/16146","targetHints":{"allow":["GET"]}}],"collection":[{"href":"https:\/\/www.pontedeume.gal\/es\/wp-json\/wp\/v2\/pages"}],"about":[{"href":"https:\/\/www.pontedeume.gal\/es\/wp-json\/wp\/v2\/types\/page"}],"author":[{"embeddable":true,"href":"https:\/\/www.pontedeume.gal\/es\/wp-json\/wp\/v2\/users\/3"}],"replies":[{"embeddable":true,"href":"https:\/\/www.pontedeume.gal\/es\/wp-json\/wp\/v2\/comments?post=16146"}],"version-history":[{"count":0,"href":"https:\/\/www.pontedeume.gal\/es\/wp-json\/wp\/v2\/pages\/16146\/revisions"}],"wp:attachment":[{"href":"https:\/\/www.pontedeume.gal\/es\/wp-json\/wp\/v2\/media?parent=16146"}],"curies":[{"name":"wp","href":"https:\/\/api.w.org\/{rel}","templated":true}]}}

<div id="cmsmasters_row_zvy67a2bb" class="cmsmasters_row cmsmasters_color_scheme_default cmsmasters_row_top_default cmsmasters_row_bot_default cmsmasters_row_boxed">
<div class="cmsmasters_row_outer_parent">
<div class="cmsmasters_row_outer">
<div class="cmsmasters_row_inner">
<div class="cmsmasters_row_margin">
<div id="cmsmasters_column_76o2yutkp" class="cmsmasters_column one_first">
<div class="cmsmasters_column_inner"><div id="cmsmasters_heading_9jt8xwib4a" class="cmsmasters_heading_wrap cmsmasters_heading_align_left">
	<h2 class="cmsmasters_heading">Accesibilidad</h2>
</div><div class="cmsmasters_text">
<p>Internet se creó como una red universal de adquisición y tratamiento de la información. Sin embargo, también puede suponer una barrera para los ciudadanos con algún tipo de discapacidad.</p>
<p>Es por ello que desde el Ayuntamiento de Pontedeume [www.pontedeume.gal] intentamos eliminar, en la medida de lo posible, las barreras más comunes con las que se encuentran los internautas de edad, con discapacidades físicas, psíquicas, sensoriales o cognitivas a la hora de acceder al universo web.</p>
<p>Durante el proceso de creación y diseño de nuestra web se han tenido en cuenta las Pautas de Accesibilidad al Contenido en la Web (WCAG), para que todos los usuarios, independientemente de las circunstancias y de los dispositivos involucrados a la hora de acceder a la información, puedan acceder a los contenidos de nuestra página.</p>
<p>El formato del contenido de la web sigue el estándar recomendado por el W3C, los elementos que constituyen el contenido siguen las pautas marcadas por el nivel de prioridad AA de las Directrices de Accesibilidad para Contenido Web del W3C y las hojas de estilo (CSS) para asignar los formatos de presentación de los contenidos siguen también el estándar del W3C.</p>
<p>Si encuentras alguna dificultad para acceder a la información que se ofrece en nuestra página le rogamos que nos lo haga saber poniéndose en contacto con el Ayuntamiento.</p>
</div>
</div></div>
</div>
</div>
</div>
</div>
</div>

<!-- This site is optimized with the Yoast SEO plugin v26.2 - https://yoast.com/wordpress/plugins/seo/ -->
<title>Accesibilidad | Concello de Pontedeume</title>
<meta name="description" content="Se han tenido en cuenta las pautas de accesibilidad al contenido Web (WCAG), de modo que todos los usuarios puedan acceder al contenido." />
<meta name="robots" content="index, follow, max-snippet:-1, max-image-preview:large, max-video-preview:-1" />
<link rel="canonical" href="https://www.pontedeume.gal/es/accesibilidad/" />
<meta property="og:locale" content="es_ES" />
<meta property="og:type" content="article" />
<meta property="og:title" content="Accesibilidad | Concello de Pontedeume" />
<meta property="og:description" content="Se han tenido en cuenta las pautas de accesibilidad al contenido Web (WCAG), de modo que todos los usuarios puedan acceder al contenido." />
<meta property="og:url" content="https://www.pontedeume.gal/es/accesibilidad/" />
<meta property="og:site_name" content="Concello de Pontedeume" />
<meta property="article:publisher" content="https://www.facebook.com/concellodepontedeume/" />
<meta property="article:modified_time" content="2017-11-08T16:27:45+00:00" />
<meta property="og:image" content="https://www.pontedeume.gal/wp-content/uploads/2021/12/logotipo.png" />
	<meta property="og:image:width" content="673" />
	<meta property="og:image:height" content="200" />
	<meta property="og:image:type" content="image/png" />
<meta name="twitter:label1" content="Tiempo de lectura" />
	<meta name="twitter:data1" content="2 minutos" />
<script type="application/ld+json" class="yoast-schema-graph">{"@context":"https://schema.org","@graph":[{"@type":"WebPage","@id":"https://www.pontedeume.gal/es/accesibilidad/","url":"https://www.pontedeume.gal/es/accesibilidad/","name":"Accesibilidad | Concello de Pontedeume","isPartOf":{"@id":"https://www.pontedeume.gal/es/#website"},"datePublished":"2017-10-17T08:37:57+00:00","dateModified":"2017-11-08T16:27:45+00:00","description":"Se han tenido en cuenta las pautas de accesibilidad al contenido Web (WCAG), de modo que todos los usuarios puedan acceder al contenido.","breadcrumb":{"@id":"https://www.pontedeume.gal/es/accesibilidad/#breadcrumb"},"inLanguage":"es","potentialAction":[{"@type":"ReadAction","target":["https://www.pontedeume.gal/es/accesibilidad/"]}]},{"@type":"BreadcrumbList","@id":"https://www.pontedeume.gal/es/accesibilidad/#breadcrumb","itemListElement":[{"@type":"ListItem","position":1,"name":"Home","item":"https://www.pontedeume.gal/es/"},{"@type":"ListItem","position":2,"name":"Accesibilidad"}]},{"@type":"WebSite","@id":"https://www.pontedeume.gal/es/#website","url":"https://www.pontedeume.gal/es/","name":"Concello de Pontedeume","description":"Páxina oficial do Concello de Pontedeume","publisher":{"@id":"https://www.pontedeume.gal/es/#organization"},"potentialAction":[{"@type":"SearchAction","target":{"@type":"EntryPoint","urlTemplate":"https://www.pontedeume.gal/es/?s={search_term_string}"},"query-input":{"@type":"PropertyValueSpecification","valueRequired":true,"valueName":"search_term_string"}}],"inLanguage":"es"},{"@type":"Organization","@id":"https://www.pontedeume.gal/es/#organization","name":"Concello de Pontedeume","url":"https://www.pontedeume.gal/es/","logo":{"@type":"ImageObject","inLanguage":"es","@id":"https://www.pontedeume.gal/es/#/schema/logo/image/","url":"https://www.pontedeume.gal/wp-content/uploads/2021/12/logotipo.png","contentUrl":"https://www.pontedeume.gal/wp-content/uploads/2021/12/logotipo.png","width":673,"height":200,"caption":"Concello de Pontedeume"},"image":{"@id":"https://www.pontedeume.gal/es/#/schema/logo/image/"},"sameAs":["https://www.facebook.com/concellodepontedeume/"]}]}</script>
<!-- / Yoast SEO plugin. -->

Páxina oficial do Concello de Pontedeume
